{"id":74,"date":"2023-03-28T13:19:39","date_gmt":"2023-03-28T11:19:39","guid":{"rendered":"http:\/\/deep-run-poker.com\/?page_id=74"},"modified":"2023-03-29T20:05:56","modified_gmt":"2023-03-29T18:05:56","slug":"pourquoi-prendre-soin-de-lenvironnement","status":"publish","type":"page","link":"https:\/\/deep-run-poker.com\/?page_id=74","title":{"rendered":"Pourquoi prendre soin de l\u2019environnement ?"},"content":{"rendered":"\n<p>Les urgences climatiques, \u00e9nerg\u00e9tiques et environnementales ne sont plus remises en question.<\/p>\n\n\n\n<p><em>(si n\u00e9cessaire, le <a href=\"https:\/\/report.ipcc.ch\/\" target=\"_blank\" rel=\"noreferrer noopener\">rapport du GIEC<\/a>)<\/em><\/p>\n\n\n\n<figure class=\"wp-block-image size-full\"><img loading=\"lazy\" decoding=\"async\" width=\"810\" height=\"1021\" src=\"https:\/\/deep-run-poker.com\/wp-content\/uploads\/2023\/03\/OK-20250_Infographie-GIEC.jpg\" alt=\"\" class=\"wp-image-88\" srcset=\"https:\/\/deep-run-poker.com\/wp-content\/uploads\/2023\/03\/OK-20250_Infographie-GIEC.jpg 810w, https:\/\/deep-run-poker.com\/wp-content\/uploads\/2023\/03\/OK-20250_Infographie-GIEC-238x300.jpg 238w, https:\/\/deep-run-poker.com\/wp-content\/uploads\/2023\/03\/OK-20250_Infographie-GIEC-768x968.jpg 768w\" sizes=\"auto, (max-width: 810px) 100vw, 810px\" \/><\/figure>\n\n\n\n<p>Elles imposent une acc\u00e9l\u00e9ration sans pr\u00e9c\u00e9dent des efforts collectifs pour r\u00e9duire drastiquement l\u2019empreinte \u00e9cologique de nos activit\u00e9s et assurer un chemin de d\u00e9veloppement sobre, r\u00e9silient et harmonieux de notre soci\u00e9t\u00e9.<\/p>\n\n\n\n<p>Notre gouvernement propose une vision globale : <a href=\"https:\/\/www.gouvernement.fr\/dossier-de-presse\/france-nation-verte\" target=\"_blank\" rel=\"noreferrer noopener\">https:\/\/www.gouvernement.fr\/dossier-de-presse\/france-nation-verte<\/a><\/p>\n\n\n\n<p>Nos actions doivent int\u00e9grer toutes les th\u00e9matiques de la transition \u00e9cologique ayant un impact direct sur la vie des Fran\u00e7ais pour demain  :<br>\u2022 Mieux se d\u00e9placer,<br>\u2022 Mieux prot\u00e9ger et valoriser nos \u00e9cosyst\u00e8mes,<br>\u2022 Mieux se nourrir,<br>\u2022 Mieux produire,<br>\u2022 Mieux se loger,<br>\u2022 Mieux consommer.<\/p>\n\n\n\n<p>Ainsi, prendre soin de l&#8217;environnement, c&#8217;est prendre soin de nous !<\/p>\n\n\n\n<p>Alors, <a href=\"https:\/\/deep-run-poker.com\/?page_id=25\" data-type=\"URL\" data-id=\"https:\/\/deep-run-poker.com\/?page_id=25\">d\u00e8s maintenant, il faut agir concr\u00e8tement<\/a> !<\/p>\n","protected":false},"excerpt":{"rendered":"<p>Les urgences climatiques, \u00e9nerg\u00e9tiques et environnementales ne sont plus remises en question. (si n\u00e9cessaire, le rapport du GIEC) Elles imposent une acc\u00e9l\u00e9ration sans pr\u00e9c\u00e9dent des efforts collectifs pour r\u00e9duire drastiquement l\u2019empreinte \u00e9cologique de nos activit\u00e9s et assurer un chemin de d\u00e9veloppement sobre, r\u00e9silient et harmonieux de notre soci\u00e9t\u00e9. Notre gouvernement propose une vision globale :&hellip; <a class=\"more-link\" href=\"https:\/\/deep-run-poker.com\/?page_id=74\">Continue reading <span class=\"screen-reader-text\">Pourquoi prendre soin de l\u2019environnement ?<\/span><\/a><\/p>\n","protected":false},"author":1,"featured_media":0,"parent":0,"menu_order":0,"comment_status":"closed","ping_status":"closed","template":"","meta":{"footnotes":""},"class_list":["post-74","page","type-page","status-publish","hentry","entry"],"_links":{"self":[{"href":"https:\/\/deep-run-poker.com\/index.php?rest_route=\/wp\/v2\/pages\/74","targetHints":{"allow":["GET"]}}],"collection":[{"href":"https:\/\/deep-run-poker.com\/index.php?rest_route=\/wp\/v2\/pages"}],"about":[{"href":"https:\/\/deep-run-poker.com\/index.php?rest_route=\/wp\/v2\/types\/page"}],"author":[{"embeddable":true,"href":"https:\/\/deep-run-poker.com\/index.php?rest_route=\/wp\/v2\/users\/1"}],"replies":[{"embeddable":true,"href":"https:\/\/deep-run-poker.com\/index.php?rest_route=%2Fwp%2Fv2%2Fcomments&post=74"}],"version-history":[{"count":4,"href":"https:\/\/deep-run-poker.com\/index.php?rest_route=\/wp\/v2\/pages\/74\/revisions"}],"predecessor-version":[{"id":89,"href":"https:\/\/deep-run-poker.com\/index.php?rest_route=\/wp\/v2\/pages\/74\/revisions\/89"}],"wp:attachment":[{"href":"https:\/\/deep-run-poker.com\/index.php?rest_route=%2Fwp%2Fv2%2Fmedia&parent=74"}],"curies":[{"name":"wp","href":"https:\/\/api.w.org\/{rel}","templated":true}]}}